{"id":2,"date":"2022-12-19T09:43:39","date_gmt":"2022-12-19T09:43:39","guid":{"rendered":"https:\/\/www.makingthecity.tu-chemnitz.de\/?page_id=2"},"modified":"2022-12-21T11:54:58","modified_gmt":"2022-12-21T10:54:58","slug":"sample-page","status":"publish","type":"page","link":"https:\/\/www.makingthecity.tu-chemnitz.de\/?page_id=2","title":{"rendered":"Imprint"},"content":{"rendered":"\n<h1>Legal notice<\/h1>\n\n\n\n<h2>Provider identification<\/h2>\n\n\n\n<h3>Technische Universit\u00e4t Chemnitz (Chemnitz University of Technology)<\/h3>\n\n\n\n<p>represented by the Rector<br>Prof. Dr. Gerd Strohmeier<br>Stra\u00dfe der Nationen 62<br>09111 Chemnitz<br>Germany<br>Telephone: +49 371 531-0 (information desk)<br>Fax: +49 371 531-10009<br>Email:&nbsp;<a href=\"mailto:rektor@tu-chemnitz.de\">rektor@tu-chemnitz.de<\/a><br>Web: www.tu-chemnitz.de<\/p>\n\n\n\n<p><strong>Technische Universit\u00e4t Chemnitz (Chemnitz University of Technology)<\/strong><br>is a statutory corporation under public law.<\/p>\n\n\n\n<h3>Competent supervisory authority<\/h3>\n\n\n\n<p>Saxon State Ministry for Science, Culture, and Tourism (S\u00e4chsisches Staatsministerium f\u00fcr Wissenschaft, Kultur und Tourismus)<br>Wigardstra\u00dfe 17<br>01097 Dresden<\/p>\n\n\n\n<hr class=\"wp-block-separator\"\/>\n\n\n\n<h3>Publisher<\/h3>\n\n\n\n<p>Rectorate of Technische Universit\u00e4t Chemnitz (Chemnitz University of Technology)<br>Stra\u00dfe der Nationen 62<br>09111 Chemnitz<br>Telephone: +49 371 531-0 (information desk)<br>Fax: +49 371 531-10009<br>Email:&nbsp;<a href=\"mailto:rektorsekretariat@verwaltung.tu-chemnitz.de\">rektorsekretariat@verwaltung.tu-chemnitz.de<\/a><\/p>\n\n\n\n<p>Editor responsible according to \u00a7 18 Abs. 2 Medienstaatsvertrag (MStV):<br>Rector of the TU Chemnitz<br>Prof. Dr. Gerd Strohmeier<br>Strasse der Nationen 62<br>09111 Chemnitz<br>Germany<\/p>\n\n\n\n<h3>Technical implementation<\/h3>\n\n\n\n<p><a href=\"https:\/\/www.tu-chemnitz.de\/urz\/\">University Computing Centre<\/a><br><strong>Contact:<\/strong>&nbsp;<a href=\"mailto:webmaster@tu-chemnitz.de\">webmaster@tu-chemnitz.de<\/a><\/p>\n\n\n\n<h3>Value added tax identification number<\/h3>\n\n\n\n<p>USt.-IdNr. De&nbsp;140857609<\/p>\n\n\n\n<h3>Bank account<\/h3>\n\n\n\n<p>Hauptkasse des Freistaates Sachsen<br>Deutsche Bundesbank<br>IBAN: DE22 8600 0000 0086 0015 22<br>BIC: MARK DEF1 860<\/p>\n\n\n\n<hr class=\"wp-block-separator\"\/>\n\n\n\n<h2>Disclaimer<\/h2>\n\n\n\n<p>The liability for the content of the general WWW-sites of Technische Universit\u00e4t Chemnitz (Chemnitz University of Technology) belongs to the Rectorate. The liability for the content of the websites of the faculties and institutions belongs to the respective unit. The liability for personal websites (especially \u201chomepages\u201d of staff or students of Technische Universit\u00e4t Chemnitz \/ Chemnitz University of Technology) belongs to the authors themselves. A liability for the accuracy, completeness or currency of these website will not be assumed despite of careful examination. Technische Universit\u00e4t Chemnitz (Chemnitz University of Technology) assumes no liability for any damages or consequences arising from the direct or indirect use of the information provided.<\/p>\n\n\n\n<p>It is pointed out that both Technische Universit\u00e4t Chemnitz (Chemnitz University of Technology) and the University Computer Centre, as operators, assume no liability for the content of pages which are accessible via links from the Web documents of Technische Universit\u00e4t Chemnitz (Chemnitz University of Technology). The linked websites were checked for illegal contents. At the time of the linking contents of that kind were not identified.<\/p>\n\n\n\n<p>The liablity for the contents and especially for damages resulting from the use or disuse of such information belongs exclusively to the provider of the page to which the link refers. Technische Universit\u00e4t Chemnitz (Chemnitz University of Technology) has no general monitoring and review obligation in this issue. However, upon notification of an infringement, the corresponding link will be removed immediately.<\/p>\n\n\n\n<p>The icon &nbsp;&nbsp;identifies links that leave the server of Technische Universit\u00e4t Chemnitz (Chemnitz University of Technology).<\/p>\n\n\n\n<hr class=\"wp-block-separator\"\/>\n\n\n\n<h2>Legal notes<\/h2>\n\n\n\n<p>All content published on the web presence of Technische Universit\u00e4t Chemnitz (Chemnitz University of Technology) (layout, text, images, graphics etc.) are subject to copyright. Any use not authorized by the copyright law requires the prior explicit consent. This applies in particular to copying, editing, translation, storage, processing and reproduction of contents in databases or other electronic media and systems. Photocopies and downloads of web pages for private, scientific and non-commercial use are permitted. Designations of herein mentioned products that are registered trademarks, are ad interim not especially marked. The absence of explicit identification does not mean that the designation is a free trademark.<\/p>\n\n\n\n<p>We expressly permit and welcome the citation of our documents and web pages and the setting of links to our site.<\/p>\n\n\n\n<p>All brands and trademarks mentioned within this web presence and possibly protected by third-parties are unrestrictedly subject to the respective applying trade meak law and to the copyright of the registered respective owners. The mere mention does not imply the conclusion that trademarks are not protected by third party rights.<\/p>\n\n\n\n<hr class=\"wp-block-separator\"\/>\n\n\n\n<h2>Information Regarding Online Dispute Resolution<\/h2>\n\n\n\n<p>In accordance with Article 14.1 of the ODR-VO (EU Regulation No. 524\/2013), the European Commission makes available an online platform (\u201cOS platform\u201d) for the online resolution of disputes. The OS platform serve as a point of contact for the extra-judicial resolution of disputes concerning the contractual obligations arising from online sales agreements. The OS Platform is accessible via the following link:&nbsp;<a href=\"https:\/\/ec.europa.eu\/consumers\/odr\/\">https:\/\/ec.europa.eu\/consumers\/odr<\/a><\/p>\n","protected":false},"excerpt":{"rendered":"<p>Legal notice Provider identification Technische Universit\u00e4t Chemnitz (Chemnitz University of Technology) represented by the RectorProf. Dr. Gerd StrohmeierStra\u00dfe der Nationen 6209111 ChemnitzGermanyTelephone: +49 371 531-0 (information desk)Fax: +49 371 531-10009Email:&nbsp;rektor@tu-chemnitz.deWeb: www.tu-chemnitz.de Technische Universit\u00e4t Chemnitz (Chemnitz University of Technology)is a statutory corporation under public law. Competent supervisory authority Saxon State Ministry for Science, Culture, and TourismContinue reading &rarr;<\/p>\n","protected":false},"author":1,"featured_media":0,"parent":0,"menu_order":0,"comment_status":"closed","ping_status":"open","template":"","meta":[],"_links":{"self":[{"href":"https:\/\/www.makingthecity.tu-chemnitz.de\/index.php?rest_route=\/wp\/v2\/pages\/2"}],"collection":[{"href":"https:\/\/www.makingthecity.tu-chemnitz.de\/index.php?rest_route=\/wp\/v2\/pages"}],"about":[{"href":"https:\/\/www.makingthecity.tu-chemnitz.de\/index.php?rest_route=\/wp\/v2\/types\/page"}],"author":[{"embeddable":true,"href":"https:\/\/www.makingthecity.tu-chemnitz.de\/index.php?rest_route=\/wp\/v2\/users\/1"}],"replies":[{"embeddable":true,"href":"https:\/\/www.makingthecity.tu-chemnitz.de\/index.php?rest_route=%2Fwp%2Fv2%2Fcomments&post=2"}],"version-history":[{"count":1,"href":"https:\/\/www.makingthecity.tu-chemnitz.de\/index.php?rest_route=\/wp\/v2\/pages\/2\/revisions"}],"predecessor-version":[{"id":9,"href":"https:\/\/www.makingthecity.tu-chemnitz.de\/index.php?rest_route=\/wp\/v2\/pages\/2\/revisions\/9"}],"wp:attachment":[{"href":"https:\/\/www.makingthecity.tu-chemnitz.de\/index.php?rest_route=%2Fwp%2Fv2%2Fmedia&parent=2"}],"curies":[{"name":"wp","href":"https:\/\/api.w.org\/{rel}","templated":true}]}}